e tens digit of o?
6
What is the tens digit of (2/(-3))/(7/(-210))?
2
Suppose -4*q + 2*o = -90, 2*q - 2*o = 2*o + 30. What is the tens digit of q?
2
Let m be (-2*4 + -1)*1. Let d(g) = g**2 + 10*g + 10. Let l be d(m). What is the units digit of (14 - 0)*l/1?
4
Let w(t) = t**3 - 11*t**2 + 10*t - 10. What is the hundreds digit of w(11)?
1
Let k = -33 + 105. What is the tens digit of k?
7
Let c = -1 - 7. Let g(a) = a**3 - a**2 + a - 1. Let o(z) = 6*z**3 + 3*z**2 + 3*z - 16. Let m(j) = -5*g(j) + o(j). What is the units digit of m(c)?
5
Suppose -5*a - 37 = -4*n, 0 = 2*n - 3*a + 11 - 32. Let d(m) = 2*m**2 + 3. What is the tens digit of d(n)?
2
Let b = -134 + 316. What is the hundreds digit of b?
1
Let l = -86 + 151. What is the tens digit of l?
6
Suppose -5*o + 33 = 4*f, -o = 4*f - f - 22. Let l = 11 - f. Suppose -k - l = -5*k. What is the units digit of k?
1
Let p = -20 - 5. Let a = 43 + p. Suppose f + 2*f - a = 0. What is the units digit of f?
6
Let u(w) = 10*w. Let h be u(6). Let v = h - 36. What is the units digit of v?
4
Let s(d) = d**2 - 9*d + 5. Let o(r) = r - 1. Let b be o(0). Let p be b + ((-6)/2 - -14). What is the units digit of s(p)?
5
Let q(y) = y**3 + y - 3. Let u be q(0). What is the units digit of (-47)/(-3) + (-1)/u?
6
Let s(f) = f**2 - 2*f - 5. Let q(c) = c. Let a(d) = -3*q(d) - s(d). Let g = 5 + -5. What is the units digit of a(g)?
5
Let g = 8 + 30. What is the units digit of g?
8
What is the tens digit of 1221/44 + (-1)/(-4)?
2
Let k(x) = -2*x - 9. Suppose -4 = 2*h - 4*h. Suppose 7*m - 3 = -2*y + 2*m, 0 = -h*m + 6. What is the units digit of k(y)?
3
Let z be 12 - 0 - (3 + -4). What is the units digit of z + -1 + (1 - 2)?
1
Let q(b) = b + 4. Let c be q(5). Let v be (-1 + 4)/(3/c). What is the units digit of 3*3/v*4?
4
What is the units digit of (-1632)/(-21) - (3 - (-69)/(-21))?
8
Suppose -10 + 44 = s. What is the units digit of s?
4
Let u(k) = k - 4. Let n be u(5). Let h = n - -2. What is the units digit of h?
3
Let d = 36 - 3. Let t be 2 + -15 + (0 - 1). Let n = t + d. What is the tens digit of n?
1
Let j = 287 - 204. Suppose 157 + j = 5*k. What is the tens digit of k?
4
Suppose 3*f + 10 = 118. What is the units digit of f?
6
Let x(o) be the first derivative of -2 + 1/3*o**3 - 3*o + 2*o**2. What is the units digit of x(-6)?
9
Let w = -85 + 116. What is the tens digit of w?
3
Suppose 13*t - 1304 - 1166 = 0. What is the units digit of t?
0
Suppose 5*n + 21 = 131. What is the units digit of n?
2
Let z(l) = l**3 - l**2. Let u be z(1). Suppose 5*n + 0*n + 50 = u. What is the units digit of (-243)/(-15) + 2/n?
6
Let h(i) = -6*i - 3. What is the units digit of h(-4)?
1
Let r(a) = -1 - a - 2*a**2 + 14*a**2 + 5*a**2. What is the tens digit of r(-1)?
1
Let c(x) = x**2 - 2*x + 137. What is the tens digit of c(0)?
3
Let g be 0 + (-3 - (-2 - 0)). Let h = 7 + g. Suppose -17 = -4*v + 3, -h = -o - v. What is the units digit of o?
1
Suppose -5*c - 4*d = -23, -2*c + 18 = -5*d - 11. What is the units digit of c?
7
What is the units digit of 8/12*(1 - -41)?
8
Let z(d) = -d**3 - 2*d**2 + d - 2. Let r be 4 + -2*(-3)/6. Suppose 0 = -b - 2*s - s - 3, -s = -r*b - 15. What is the units digit of z(b)?
4
Suppose 3*s + 30 = 3*l, 43 = 4*l - 0*l - 5*s. Let u(g) = 3*g - 8. What is the units digit of u(l)?
3
Let f be (8/(-20))/((-1)/70). Suppose -b - f = -5*b. What is the units digit of b?
7
Let l(t) = -2*t**3 - t**2 + 2*t - 1. Let a be l(1). Let y(j) = j**2 + j + 1. Let v be y(a). Suppose -4*u = -v*u - 8. What is the units digit of u?
8
Let d(g) = g**2 + 9*g + 6. Suppose -2*z - 3*z - 25 = l, 4*l = 4*z - 28. What is the tens digit of d(l)?
1
Let k be -2*(-9)/(-6) - 0. Let a(r) be the second derivative of r**5/20 + r**4/4 - r**3/6 + 3*r**2/2 + r. What is the units digit of a(k)?
6
Let a = 7 - 7. Suppose a*x + 9 = 3*x. What is the units digit of x?
3
Suppose -172 = 3*a + 4*g, 1 = -g - 0. Let x = -35 - a. Suppose 2*v = -v + x. What is the units digit of v?
7
What is the tens digit of (212*3/48)/((-1)/(-8))?
0
Let r be (38/(-5))/((-9)/45). Suppose w - r = -w. What is the units digit of w?
9
Suppose 12 = -2*o + 4*o. Let h = o - 4. Suppose n - h - 3 = 0. What is the units digit of n?
5
Suppose 0 = 8*z - 11*z - 66. Let l = -14 - z. What is the units digit of l?
8
Let g = 2 + -4. Let t be 3 + (-1 - -2) + g. Suppose 12 = -t*z + 5*z. What is the units digit of z?
4
Let q(a) = a**2 - a + 1. Let s(o) = -o**3 - 4*o**2 - o + 4. Let k(p) = 2*q(p) - s(p). Let g be k(-6). Suppose -6 = -g*y + 22. What is the units digit of y?
7
Let c(t) = -t**3 + 7*t**2 + 9*t - 2. What is the units digit of c(8)?
6
Let r(d) = 15*d**3 + d**2 - 2*d + 4. What is the units digit of r(2)?
4
What is the units digit of 567/45*(7 - 2)?
3
Let w(q) = -q + 4. What is the units digit of w(-6)?
0
What is the hundreds digit of (-1284)/(-18)*(5 - 2)?
2
Let b be (-26 + 0)*(-2)/2. Let f = -12 + b. Let m = f - 4. What is the units digit of m?
0
Let o(t) = 2 - 4 - 2*t + t. What is the units digit of o(-12)?
0
Suppose 4*d = -0*d + 32. Suppose -4*z = -5*z. Suppose z = -c + 2*c - d. What is the units digit of c?
8
Let y = 0 + 4. Suppose y*x - 3*r = 34, 3*r + 2*r - 30 = -2*x. What is the units digit of x?
0
Suppose 0*m - 148 = -4*m. What is the units digit of m?
7
Let d(s) = -4*s + 2 - 6 - s. Let x be d(-4). Suppose -2*h + x = 4*c - 0*h, 3*h - 16 = -4*c. What is the units digit of c?
4
Let i(m) = 2*m**2 + 7*m + 21. What is the hundreds digit of i(-9)?
1
Suppose -2*x = 2*x - 84. Suppose -l = -2*p - 18, 6*l = 4*l - p + x. What is the units digit of l?
2
Let l = -1 + 5. Suppose 0 = -l*o + 8. Suppose 5*n = k - o, 3*n - 24 = -2*k - k. What is the units digit of k?
7
Let b = -13 + 106. What is the units digit of b?
3
Let l(u) = 5*u + 12. What is the tens digit of l(6)?
4
Suppose k - a + 1 = a, 4*a + 1 = 5*k. What is the tens digit of (3/(-6))/(k/(-20))?
1
Let h = 13 - 21. Let p(f) = f + 6. Let z be p(h). What is the tens digit of (171/(-6))/3*z?
1
Let a = 36 - 35. What is the units digit of a?
1
Let j(c) = c**2 - 6*c - 5. Let o be j(-5). Suppose -2*b + o = b + 5*g, -8 = -2*g. What is the units digit of b?
0
Let c = 9 - 6. Suppose h = -c*h. Suppose h*m + 3*m = 36. What is the tens digit of m?
1
Suppose -2*c + 3*z - 21 - 7 = 0, 0 = 4*c - 5*z + 56. Let p = c + 24. What is the tens digit of p?
1
Suppose 16 - 4 = -4*d. Let a(w) = -5*w - 3. What is the units digit of a(d)?
2
Let x(o) = o**3 + o**2 - 5*o - 3. Let m be x(-3). Let u = 33 + m. What is the units digit of u?
7
Let a = -2 + 1. Let q = 4 + a. What is the units digit of q?
3
Suppose -66*l = -73*l + 2849. What is the tens digit of l?
0
Let g(w) = -7*w + 13. Let l(k) = 20*k - 38. Let h(p) = 11*g(p) + 4*l(p). What is the tens digit of h(8)?
1
Suppose b - c = -5*c, 0 = -3*b - 5*c. Let t be (b + -1)/((-3)/9). Suppose -4*w - t*y + 10 = 0, 8 = -0*w + w - 2*y. What is the units digit of w?
4
Suppose -4*q = -87 + 19. What is the tens digit of q?
1
What is the tens digit of 1/(3/174*2)?
2
Suppose -4*n - 16 = 2*h, 6*h = h. Let i = n + 6. What is the units digit of i?
2
Let a = -43 + -7. Let l = -22 - a. What is the units digit of l/10 + (-4)/(-20)?
3
Let g(i) = -2*i**3 - i**2 + 2*i - 1. Suppose 5*c - 16 = y + 11, -10 = -2*c. What is the units digit of g(y)?
7
Let w be 1 - 1/(1/(-15)). Let o = w - 10. Suppose 0 = -h + 5*h - 5*k - o, -3*k = 5*h - 26. What is the units digit of h?
4
Let h be 1/2 - (-206)/4. Suppose -k = k + h. Let u = k + 36. What is the tens digit of u?
1
Let j be 8 + (5 - 2)*-1. Suppose 4*h - 41 = -5*c, 4*h + 4 = -c + j*c. Suppose 4*z - 97 = -c*i, -59 = -4*i + 2*z + z. What is the units digit of i?
7
What is the hundreds digit of ((-1)/2)/1 + 515/2?
2
Let o = -8 - -3. Let a = 6 + o. Let c(p) = 9*p**3 - 2*p + 1. What is the units digit of c(a)?
8
Let y = 9 + -4. Suppose 3*w + 5*p + 0 = 8, y*w + 24 = p. What is the units digit of ((-6)/w)/(3/14)?
7
Suppose 2*q = 3*q + 2*v - 2, 5*q = v + 65. What is the units digit of (-104)/6*q/(-8)?
6
Suppose 3*q - 7*q + 152 = 4*j, -2*j = -6. What is the units digit of q?
5
Suppose -q - q + 18 = 0. Let r be (q/12)/(2/24). Suppose 0 = 2*d + d - r. What is the units digit of d?
3
Suppose h + 8 = -2. Let t = -5 - h. What is the units digit of t?
5
Let g(o) = -35*o**3 + 2*o**2 + o. What is the tens digit of g(-1)?
3
Let h be 210/12 + 